True
Does 5 divide 11783?
False
Is 3 a factor of 1308?
True
Is 5005 a multiple of 65?
True
Is 8 a multiple of 5?
False
Does 21 divide 4151?
False
Is 56 a multiple of 4?
True
Is 6 a factor of 688?
False
Does 7 divide 770?
True
Is 6232 a multiple of 38?
True
Is 99396 a multiple of 36?
True
Is 401 a multiple of 14?
False
Is 5 a factor of 2204?
False
Is 5092 a multiple of 55?
False
Is 7 a factor of 782?
False
Is 12101 a multiple of 2?
False
Is 19863 a multiple of 118?
False
Is 174 a factor of 38454?
True
Is 1146 a multiple of 53?
False
Does 28 divide 82452?
False
Is 59 a factor of 4425?
True
Is 20 a factor of 492?
False
Does 16 divide 240?
True
Is 1083 a multiple of 57?
True
Does 40 divide 400?
True
Does 18 divide 7380?
True
Does 12 divide 252?
True
Does 47 divide 258?
False
Does 27 divide 11675?
False
Is 54607 a multiple of 29?
True
Is 366 a multiple of 65?
False
Does 9 divide 711?
True
Does 18 divide 83808?
True
Is 2025 a multiple of 3?
True
Does 18 divide 2520?
True
Is 46 a factor of 3530?
False
Is 119 a multiple of 2?
False
Is 8543 a multiple of 112?
False
Is 3 a factor of 4233?
True
Is 25 a factor of 17100?
True
Is 46497 a multiple of 85?
False
Is 22 a factor of 462?
True
Does 152 divide 55002?
False
Is 18124 a multiple of 39?
False
Does 37 divide 2978?
False
Does 83 divide 2538?
False
Is 20 a factor of 1260?
True
Does 9 divide 7947?
True
Is 54 a multiple of 7?
False
Does 26 divide 12090?
True
Is 28564 a multiple of 193?
True
Is 93 a factor of 7484?
False
Is 20935 a multiple of 53?
True
Is 74 a factor of 15244?
True
Is 23140 a multiple of 26?
True
Is 4 a factor of 276?
True
Does 116 divide 232?
True
Is 41 a factor of 8774?
True
Is 8 a factor of 2139?
False
Is 102495 a multiple of 12?
False
Is 15 a factor of 551?
False
Does 32 divide 3616?
True
Is 198 a multiple of 33?
True
Is 19 a factor of 27664?
True
Is 5576 a multiple of 75?
False
Is 2 a factor of 27?
False
Is 64 a multiple of 12?
False
Is 5 a factor of 122?
False
Is 178 a multiple of 14?
False
Is 216 a multiple of 3?
True
Is 935 a multiple of 17?
True
Is 203 a multiple of 22?
False
Is 68 a factor of 7473?
False
Is 23839 a multiple of 176?
False
Does 18 divide 1186?
False
Does 17 divide 554?
False
Is 32 a factor of 33?
False
Is 963 a multiple of 11?
False
Is 434 a multiple of 47?
False
Is 3045 a multiple of 81?
False
Is 11 a factor of 1615?
False
Does 5 divide 2255?
True
Does 46 divide 318?
False
Does 3 divide 1320?
True
Does 3 divide 764?
False
Is 20696 a multiple of 118?
False
Does 13 divide 15830?
False
Is 92 a factor of 8096?
True
Does 7 divide 17111?
False
Does 51 divide 4743?
True
Is 1178 a multiple of 38?
True
Is 5460 a multiple of 60?
True
Is 159 a factor of 36093?
True
Is 46 a factor of 3910?
True
Does 119 divide 12138?
True
Is 1138 a multiple of 34?
False
Is 6 a factor of 476?
False
Is 910 a multiple of 65?
True
Does 6 divide 8531?
False
Does 8 divide 7988?
False
Is 2655 a multiple of 9?
True
Does 12 divide 9004?
False
Does 66 divide 17028?
True
Does 40 divide 2760?
True
Is 18 a factor of 594?
True
Is 40 a factor of 21182?
False
Is 6 a factor of 4563?
False
Is 2724 a multiple of 8?
False
Does 55 divide 1210?
True
Is 84410 a multiple of 18?
False
Is 4 a factor of 4820?
True
Is 5069 a multiple of 47?
False
Is 28731 a multiple of 10?
False
Is 19 a factor of 931?
True
Does 27 divide 243?
True
Does 19 divide 351?
False
Is 2640 a multiple of 55?
True
Is 2040 a multiple of 68?
True
Is 100595 a multiple of 31?
True
Is 27 a factor of 1809?
True
Is 66 a factor of 9306?
True
Is 24 a factor of 16759?
False
Is 10 a factor of 8829?
False
Does 40 divide 1592?
False
Is 6 a factor of 6?
True
Does 31 divide 4184?
False
Does 34 divide 44916?
False
Is 41 a factor of 9102?
True
Does 8 divide 3008?
True
Does 2 divide 110?
True
Is 49 a factor of 3528?
True
Does 24 divide 840?
True
Does 4 divide 435?
False
Does 28 divide 504?
True
Is 76 a factor of 3040?
True
Is 3770 a multiple of 3?
False
Does 5 divide 14164?
False
Is 56 a factor of 504?
True
Does 7 divide 43988?
True
Is 73 a factor of 588?
False
Does 14 divide 6986?
True
Is 26 a factor of 130?
True
Is 3647 a multiple of 3?
False
Is 2046 a multiple of 11?
True
Does 37 divide 37?
True
Does 76 divide 4864?
True
Is 510 a multiple of 37?
False
Is 9526 a multiple of 22?
True
Is 171 a multiple of 84?
False
Does 7 divide 3228?
False
Is 14224 a multiple of 5?
False
Does 21 divide 37079?
False
Is 25 a factor of 1350?
True
Does 11 divide 121?
True
Is 11455 a multiple of 35?
False
Is 150 a multiple of 12?
False
Is 12 a factor of 2220?
True
Is 4625 a multiple of 33?
False
Does 26 divide 52?
True
Is 287 a multiple of 3?
False
Does 60 divide 10536?
False
Is 40 a factor of 1200?
True
Is 30033 a multiple of 213?
True
Is 9229 a multiple of 52?
False
Is 10 a factor of 3570?
True
Is 35695 a multiple of 11?
True
Is 4 a factor of 987?
False
Is 3552 a multiple of 24?
True
Is 15 a factor of 2325?
True
Is 10444 a multiple of 7?
True
Is 798 a multiple of 16?
False
Is 30 a factor of 600?
True
Is 76 a factor of 1216?
True
Does 4 divide 1157?
False
Does 11 divide 23403?
False
Is 25 a factor of 87?
False
Is 11012 a multiple of 16?
False
Is 938 a multiple of 26?
False
Is 17543 a multiple of 103?
False
Does 5 divide 161?
False
Is 506 a multiple of 11?
True
Does 14 divide 2632?
True
Is 62 a factor of 1549?
False
Does 18 divide 820?
False
Is 18183 a multiple of 19?
True
Is 199 a multiple of 13?
False
Is 14 a factor of 1806?
True
Does 13 divide 302?
False
Does 16 divide 117?
False
Does 14 divide 31574?
False
Is 66 a factor of 768?
False
Is 13773 a multiple of 89?
False
Does 5 divide 571?
False
Does 20 divide 1380?
True
Is 555 a multiple of 17?
False
Is 1755 a multiple of 35?
False
Is 31 a factor of 9213?
False
Is 15319 a multiple of 55?
False
Is 47 a factor of 22090?
True
Does 29 divide 598?
False
Does 13 divide 1788?
False
Does 8 divide 2536?
True
Does 35 divide 1890?
True
Is 21294 a multiple of 9?
True
Does 53 divide 424?
True
Is 10 a factor of 110?
True
Does 48 divide 864?
True
Is 11980 a multiple of 20?
True
Is 714 a multiple of 21?
True
Is 63 a factor of 8073?
False
Is 9 a factor of 14994?
True
Is 31 a factor of 899?
True
Does 113 divide 113?
True
Is 2952 a multiple of 41?
True
Is 26352 a multiple of 166?
False
Is 101331 a multiple of 243?
True
Does 29 divide 78247?
False
Is 10483 a multiple of 12?
False
Does 13 divide 741?
True
Is 1101 a multiple of 8?
False
Is 2077 a multiple of 14?
False
Does 18 divide 360?
True
Does 8 divide 8840?
True
Does 23 divide 3025?
False
Does 185 divide 370?
True
Is 9 a factor of 387?
True
Is 6 a factor of 1848?
True
Does 3 divide 645?
True
Is 11 a factor of 19069?
False
Is 3 a factor of 605?
False
Does 15 divide 10167?
False
Is 1062 a multiple of 19?
False
Is 7529 a multiple of 27?
False
Is 9391 a multiple of 4?
False
Is 51678 a multiple of 29?
True
Does 43 divide 903?
True
Does 14 divide 378?
True
Is 6725 a multiple of 5?
True
Does 34 divide 17049?
False
Is 89515 a multiple of 39?
False
Is 16 a factor of 95997?
False
Is 3 a factor of 2451?
True
Is 26 a factor of 572?
True
Does 12 divide 1765?
False
Is 178 a factor of 1451?
False
Is 116 a factor of 1740?
True
Does 6 divide 11?
False
Does 2 divide 523?
False
Is 13873 a multiple of 3?
False
Does 64 divide 3710?
False
Does 4 divide 5067?
False
Does 97 divide 3201?
True
Is 29 a factor of 9738?
False
Is 1100 a multiple of 7?
False
Is 5 a factor of 110?
True
Does 139 divide 434?
False
Is 93 a factor of 528?
False
Is 16 a factor of 2328?
False
Is 3 a factor of 14?
False
Is 6 a factor of 5131?
False
Is 12355 a multiple of 39?
False
Is 1358 a multiple of 14?
True
Does 117 divide 812?
False
Is 1324 a multiple of 15?
False
Is 369 a multiple of 24?
False
Does 144 divide 118235?
False
Does 171 divide 43092?
True
Is 1955 a multiple of 14?
False
Is 4630 a multiple of 46?
False
Does 16 divide 455?
False
Is 1294 a multiple of 64?
False
Is 7743 a multiple of 190?
False
Does 29 divide 24650?
True
Is 10626 a multiple of 5?
False
Is 822 a multiple of 2?
True
Does 21 divide 1619?
False
Is 1360 a multiple of 12?
False
Does 7 divide 464?
False
Does 40 divide 116360?
True
Is 324 a multiple of 54?
True
Does 24 divide 6624?
True
Is 963 a multiple of 81?
False
Is 4 a factor of 216?
True
Is 7940 a multiple of 10?
True
Is 960